{"id":36,"date":"2021-11-10T17:35:47","date_gmt":"2021-11-10T16:35:47","guid":{"rendered":"http:\/\/mercuripresseconseil.fr\/?page_id=36"},"modified":"2024-03-22T11:06:46","modified_gmt":"2024-03-22T10:06:46","slug":"conseil-et-reglages","status":"publish","type":"page","link":"https:\/\/mercuripresseconseil.fr\/index.php\/conseil-et-reglages\/","title":{"rendered":"Conseil et r\u00e9glages"},"content":{"rendered":"\n<div class=\"wp-block-cover alignfull has-background-dim-60 has-neve-text-color-background-color has-background-dim\"><img loading=\"lazy\" width=\"2500\" height=\"1667\" class=\"wp-block-cover__image-background wp-image-765\" alt=\"\" src=\"http:\/\/mercuripresseconseil.fr\/wp-content\/uploads\/2021\/12\/6B7A3613.jpg\" style=\"object-position:58% 13%\" data-object-fit=\"cover\" data-object-position=\"58% 13%\" srcset=\"https:\/\/mercuripresseconseil.fr\/wp-content\/uploads\/2021\/12\/6B7A3613.jpg 2500w, https:\/\/mercuripresseconseil.fr\/wp-content\/uploads\/2021\/12\/6B7A3613-300x200.jpg 300w, https:\/\/mercuripresseconseil.fr\/wp-content\/uploads\/2021\/12\/6B7A3613-1024x683.jpg 1024w, https:\/\/mercuripresseconseil.fr\/wp-content\/uploads\/2021\/12\/6B7A3613-768x512.jpg 768w, https:\/\/mercuripresseconseil.fr\/wp-content\/uploads\/2021\/12\/6B7A3613-1536x1024.jpg 1536w, https:\/\/mercuripresseconseil.fr\/wp-content\/uploads\/2021\/12\/6B7A3613-2048x1366.jpg 2048w, https:\/\/mercuripresseconseil.fr\/wp-content\/uploads\/2021\/12\/6B7A3613-930x620.jpg 930w\" sizes=\"(max-width: 2500px) 100vw, 2500px\" \/><div class=\"wp-block-cover__inner-container\">\n<div style=\"height:100px\" aria-hidden=\"true\" class=\"wp-block-spacer\"><\/div>\n\n\n\n<h1>Conseil et r\u00e9glages<\/h1>\n\n\n\n<div class=\"wp-block-columns\">\n<div class=\"wp-block-column\">\n<p>Aujourd\u2019hui plus que jamais, le r\u00e9glage exige une parfaite connaissance du r\u00e9seau et de ses \u00e9volutions et \u00e0 l&rsquo;heure des r\u00e9formes interprofessionnelles qui concernent : la r\u00e9organisation du niveau grossistes\/d\u00e9positaires, les nouveaux bar\u00e8mes, les avances de tr\u00e9sorerie, etc.<br><br>La gestion des ventes et le r\u00e9glage n\u00e9cessitent une parfaite ma\u00eetrise de l&rsquo;ensemble des param\u00e8tres de la vente au num\u00e9ro.<\/p>\n<\/div>\n\n\n\n<div class=\"wp-block-column\"><\/div>\n<\/div>\n\n\n\n<div style=\"height:100px\" aria-hidden=\"true\" class=\"wp-block-spacer\"><\/div>\n<\/div><\/div>\n\n\n\n<div class=\"wp-block-cover alignfull has-background-dim\" style=\"background-color:#e2e4e7;min-height:600px\"><div class=\"wp-block-cover__inner-container\">\n<div class=\"wp-block-group\"><div class=\"wp-block-group__inner-container\">\n<div style=\"height:80px\" aria-hidden=\"true\" class=\"wp-block-spacer\"><\/div>\n<\/div><\/div>\n\n\n\n<h2 class=\"has-text-color\" style=\"color:#3b4b60\">Nos missions<\/h2>\n\n\n\n<p><\/p>\n\n\n\n<div class=\"wp-block-columns\">\n<div class=\"wp-block-column\">\n<ul class=\"has-neve-link-color-color has-text-color\"><li>Gestion commerciale des outils distributeurs (SP3 +\/ Iris Premium).<\/li><li>D\u00e9finition et proposition de tirage ; R\u00e9capitulation de tirage par secteur\/r\u00e9seau.<\/li><li>Communication des donn\u00e9es avec les niveaux 1 2 3 + imprimeurs \/routeurs.<\/li><li>Sondages et Panels =&gt; Estimations de vente finale.<\/li><\/ul>\n<\/div>\n\n\n\n<div class=\"wp-block-column\">\n<ul class=\"has-neve-link-color-color has-text-color\"><li>Mesures, bilans et recommandations commerciales aux \u00e9diteurs (r\u00e9unions).<\/li><li>Etudes de march\u00e9, analyses, audits, pr\u00e9-lancements, lancements, relances.<\/li><li>Implantation, r\u00e9implantation en fonction du march\u00e9 et de la cible.<\/li><li>Analyses et pr\u00e9conisations des choix des promotions, r\u00e9servations d\u2019espaces publicitaires.<\/li><\/ul>\n<\/div>\n<\/div>\n\n\n\n<p> <\/p>\n\n\n\n<div style=\"height:80px\" aria-hidden=\"true\" class=\"wp-block-spacer\"><\/div>\n<\/div><\/div>\n\n\n\n<div class=\"wp-block-cover alignfull has-background-dim\" style=\"background-color:#3b4b60;min-height:300px\"><div class=\"wp-block-cover__inner-container\">\n<div style=\"height:100px\" aria-hidden=\"true\" class=\"wp-block-spacer\"><\/div>\n\n\n\n<div class=\"wp-block-columns\">\n<div class=\"wp-block-column\">\n<div class=\"wp-block-image\"><figure class=\"alignleft size-large\"><img loading=\"lazy\" width=\"1024\" height=\"1024\" src=\"https:\/\/mercuripresseconseil.fr\/wp-content\/uploads\/2024\/03\/6B7A3774-1-1024x1024.jpg\" alt=\"\" class=\"wp-image-910\" srcset=\"https:\/\/mercuripresseconseil.fr\/wp-content\/uploads\/2024\/03\/6B7A3774-1-1024x1024.jpg 1024w, https:\/\/mercuripresseconseil.fr\/wp-content\/uploads\/2024\/03\/6B7A3774-1-300x300.jpg 300w, https:\/\/mercuripresseconseil.fr\/wp-content\/uploads\/2024\/03\/6B7A3774-1-150x150.jpg 150w, https:\/\/mercuripresseconseil.fr\/wp-content\/uploads\/2024\/03\/6B7A3774-1-768x768.jpg 768w, https:\/\/mercuripresseconseil.fr\/wp-content\/uploads\/2024\/03\/6B7A3774-1-1536x1536.jpg 1536w, https:\/\/mercuripresseconseil.fr\/wp-content\/uploads\/2024\/03\/6B7A3774-1.jpg 1666w\" sizes=\"(max-width: 1024px) 100vw, 1024px\" \/><\/figure><\/div>\n<\/div>\n\n\n\n<div class=\"wp-block-column\">\n<h2>Nos partenariats<\/h2>\n\n\n\n<p><\/p>\n\n\n\n<ul><li>Achat de papier et impressions.<\/li><li>Merchandising.<\/li><li>R\u00e9servations d&rsquo;espaces de campagnes de promotion.<\/li><li>Gestion des abonnements.<\/li><li>Logistique et stockage.<\/li><li>Gestion des ventes par tiers.<\/li><li>Pr\u00e9paration des contr\u00f4les ACPM.<\/li><li>D\u00e9veloppement de diffusion qualifi\u00e9e.<\/li><li>Gestion des distributions digitales.<\/li><\/ul>\n<\/div>\n<\/div>\n\n\n\n<div style=\"height:80px\" aria-hidden=\"true\" class=\"wp-block-spacer\"><\/div>\n<\/div><\/div>\n\n\n\n<div class=\"wp-block-cover alignfull has-background-dim\" style=\"background-color:#122031;min-height:490px\"><div class=\"wp-block-cover__inner-container\">\n<div style=\"height:80px\" aria-hidden=\"true\" class=\"wp-block-spacer\"><\/div>\n\n\n\n<div class=\"wp-block-columns\">\n<div class=\"wp-block-column\">\n<figure class=\"wp-block-image size-full is-resized\"><img loading=\"lazy\" src=\"http:\/\/mercuripresseconseil.fr\/wp-content\/uploads\/2021\/11\/logoBlc-1.png\" alt=\"\" class=\"wp-image-102\" width=\"177\" height=\"177\" srcset=\"https:\/\/mercuripresseconseil.fr\/wp-content\/uploads\/2021\/11\/logoBlc-1.png 454w, https:\/\/mercuripresseconseil.fr\/wp-content\/uploads\/2021\/11\/logoBlc-1-300x300.png 300w, https:\/\/mercuripresseconseil.fr\/wp-content\/uploads\/2021\/11\/logoBlc-1-150x150.png 150w\" sizes=\"(max-width: 177px) 100vw, 177px\" \/><\/figure>\n<\/div>\n\n\n\n<div class=\"wp-block-column\">\n<p class=\"has-nv-site-bg-color has-text-color\"><br><strong><a href=\"http:\/\/mercuripresseconseil.fr\/\" data-type=\"URL\" data-id=\"http:\/\/mercuripresseconseil.fr\/\">Accueil<\/a><br><a href=\"http:\/\/mercuripresseconseil.fr\/index.php\/qui-sommes-nous\/\/\" data-type=\"URL\">Qui sommes nous ?<br><\/a><a href=\"http:\/\/mercuripresseconseil.fr\/index.php\/contactez-nous\/\" data-type=\"URL\">Contactez-nous<\/a><\/strong><\/p>\n<\/div>\n\n\n\n<div class=\"wp-block-column\">\n<p class=\"has-nv-site-bg-color has-text-color\"><br><strong>Nos prestations<br><\/strong><a href=\"http:\/\/mercuripresseconseil.fr\/index.php\/conseil-et-reglages\/\">Conseil et r\u00e9glages<br><\/a><a href=\"http:\/\/mercuripresseconseil.fr\/index.php\/diffusion-qualifiee\/\">Diffusion qualifi\u00e9e<br><\/a><a href=\"http:\/\/mercuripresseconseil.fr\/index.php\/gestion-digitale\/\">Gestion digitale<\/a><\/p>\n<\/div>\n<\/div>\n<\/div><\/div>\n","protected":false},"excerpt":{"rendered":"","protected":false},"author":1,"featured_media":0,"parent":0,"menu_order":0,"comment_status":"closed","ping_status":"closed","template":"","meta":{"neve_meta_sidebar":"","neve_meta_container":"contained","neve_meta_enable_content_width":"on","neve_meta_content_width":100,"neve_meta_title_alignment":"","neve_meta_author_avatar":"","neve_post_elements_order":"","neve_meta_disable_header":"","neve_meta_disable_footer":"","neve_meta_disable_title":"on"},"_links":{"self":[{"href":"https:\/\/mercuripresseconseil.fr\/index.php\/wp-json\/wp\/v2\/pages\/36"}],"collection":[{"href":"https:\/\/mercuripresseconseil.fr\/index.php\/wp-json\/wp\/v2\/pages"}],"about":[{"href":"https:\/\/mercuripresseconseil.fr\/index.php\/wp-json\/wp\/v2\/types\/page"}],"author":[{"embeddable":true,"href":"https:\/\/mercuripresseconseil.fr\/index.php\/wp-json\/wp\/v2\/users\/1"}],"replies":[{"embeddable":true,"href":"https:\/\/mercuripresseconseil.fr\/index.php\/wp-json\/wp\/v2\/comments?post=36"}],"version-history":[{"count":64,"href":"https:\/\/mercuripresseconseil.fr\/index.php\/wp-json\/wp\/v2\/pages\/36\/revisions"}],"predecessor-version":[{"id":911,"href":"https:\/\/mercuripresseconseil.fr\/index.php\/wp-json\/wp\/v2\/pages\/36\/revisions\/911"}],"wp:attachment":[{"href":"https:\/\/mercuripresseconseil.fr\/index.php\/wp-json\/wp\/v2\/media?parent=36"}],"curies":[{"name":"wp","href":"https:\/\/api.w.org\/{rel}","templated":true}]}}